 the prime factors of 111557569.
19, 5871451
List the prime factors of 2442255161.
23, 199, 533593
What are the prime factors of 13243297?
13243297
List the prime factors of 136787217.
3, 7, 6513677
List the prime factors of 1912154.
2, 83, 11519
What are the prime factors of 158257164?
2, 3, 13, 1014469
What are the prime factors of 644226008?
2, 19, 1201, 3529
What are the prime factors of 2062845411?
3, 11, 337, 185491
List the prime factors of 17328048.
2, 3, 361001
What are the prime factors of 149233292?
2, 13, 23, 124777
List the prime factors of 3627577.
233, 15569
What are the prime factors of 172285244?
2, 43071311
List the prime factors of 1157885244.
2, 3, 32163479
What are the prime factors of 130039208?
2, 13, 41, 30497
List the prime factors of 6612338141.
53, 124761097
What are the prime factors of 992208322?
2, 7, 70872023
List the prime factors of 1078969736.
2, 13, 17, 499, 1223
What are the prime factors of 5942296520?
2, 5, 148557413
List the prime factors of 4835818297.
47, 197, 522283
What are the prime factors of 23595442?
2, 13, 69809
List the prime factors of 4298429827.
11527, 372901
What are the prime factors of 113508003?
3, 7, 43, 337, 373
What are the prime factors of 49306105?
5, 9861221
What are the prime factors of 24358312?
2, 11, 31, 8929
What are the prime factors of 412583979?
3, 137527993
What are the prime factors of 176676593?
23, 7681591
List the prime factors of 56506692.
2, 3, 11, 41, 53, 197
List the prime factors of 13445272.
2, 1680659
What are the prime factors of 2686007742?
2, 3, 11, 79, 515153
What are the prime factors of 56274325?
5, 131, 17183
What are the prime factors of 3008684931?
3, 7, 43, 47, 70891
List the prime factors of 99277175.
5, 3971087
List the prime factors of 355011301.
29, 601, 20369
List the prime factors of 76925240.
2, 5, 7, 257, 1069
List the prime factors of 44434376.
2, 7, 263, 431
List the prime factors of 29952696.
2, 3, 31, 127, 317
List the prime factors of 1576627.
13, 23, 5273
What are the prime factors of 2004512387?
2879, 696253
List the prime factors of 515063286.
2, 3, 19, 18593
List the prime factors of 1050711189.
3, 11, 31839733
What are the prime factors of 681665241?
3, 227221747
What are the prime factors of 3210228121?
79, 40635799
List the prime factors of 48973816.
2, 6121727
What are the prime factors of 2094716266?
2, 71, 1489, 9907
What are the prime factors of 30827935?
5, 23, 268069
List the prime factors of 5698705228.
2, 1424676307
What are the prime factors of 6504350535?
3, 5, 17, 53, 160423
List the prime factors of 567378302.
2, 283689151
What are the prime factors of 357627692?
2, 109, 820247
List the prime factors of 179442454.
2, 2803, 32009
List the prime factors of 234763925.
5, 11, 853687
List the prime factors of 74647607.
563, 132589
List the prime factors of 263074052.
2, 107, 614659
List the prime factors of 240368058.
2, 3, 7, 37, 47, 1097
What are the prime factors of 814270107?
3, 7, 107, 362381
List the prime factors of 94414480.
2, 5, 79, 14939
What are the prime factors of 264711208?
2, 61, 542441
What are the prime factors of 1098954261?
3, 122106029
What are the prime factors of 12959370?
2, 3, 5, 311, 463
What are the prime factors of 117284933?
117284933
List the prime factors of 40757601.
3, 47, 79, 3659
List the prime factors of 4076893508.
2, 6079, 167663
What are the prime factors of 579442338?
2, 3, 3433, 9377
List the prime factors of 5125547406.
2, 3, 7, 29, 487, 8641
What are the prime factors of 53257857?
3, 23, 771853
What are the prime factors of 4595263?
4595263
What are the prime factors of 28794521?
7, 461, 8923
What are the prime factors of 464781099?
3, 349, 443917
List the prime factors of 470991257.
11, 5839, 7333
List the prime factors of 257622387.
3, 11, 19, 641
What are the prime factors of 702171135?
3, 5, 131, 311, 383
List the prime factors of 3259210972.
2, 43, 89, 212909
What are the prime factors of 543719283?
3, 409, 443129
List the prime factors of 46001079.
3, 5111231
What are the prime factors of 3367404539?
23, 101, 743, 1951
List the prime factors of 236755994.
2, 379, 312343
List the prime factors of 25131808.
2, 13, 60413
List the prime factors of 157414276.
2, 39353569
What are the prime factors of 11800922?
2, 7, 842923
List the prime factors of 102312524.
2, 31, 825101
What are the prime factors of 297126638?
2, 148563319
List the prime factors of 435519613.
435519613
List the prime factors of 6226450.
2, 5, 124529
What are the prime factors of 4583621008?
2, 61, 127, 36979
What are the prime factors of 371384117?
13, 173, 165133
List the prime factors of 51536808.
2, 3, 715789
What are the prime factors of 40832957?
11, 19, 29, 6737
What are the prime factors of 1223678151?
3, 53, 67, 12763
List the prime factors of 3978254101.
313, 12710077
What are the prime factors of 4303026397?
769, 5595613
What are the prime factors of 47562603?
3, 11, 139, 10369
List the prime factors of 262390220.
2, 5, 13119511
List the prime factors of 1556096759.
7, 691, 321707
What are the prime factors of 696269837?
696269837
List the prime factors of 500892619.
167, 2999357
What are the prime factors of 27540249?
3, 11, 89, 9377
What are the prime factors of 558150788?
2, 13, 10733669
What are the prime factors of 9203291?
53, 173647
List the prime factors of 68207971.
13, 29, 239, 757
List the prime factors of 198529648.
2, 12408103
What are the prime factors of 1527318700?
2, 5, 15273187
List the prime factors of 465347154.
2, 3, 17, 4562227
List the prime factors of 125202504.
2, 3, 7, 313, 2381
What are the prime factors of 335219867?
557, 601831
What are the prime factors of 566349072?
2, 3, 41, 7019
What are the prime factors of 1492007382?
2, 3, 241, 343939
List the prime factors of 566049483.
3, 1951, 32237
What are the prime factors of 171484847?
61, 2811227
What are the prime factors of 1274806146?
2, 3, 212467691
What are the prime factors of 405570363?
3, 11, 53, 67, 3461
List the prime factors of 184327384.
2, 197, 116959
What are the prime factors of 48618702?
2, 3, 11, 41, 53, 113
List the prime factors of 96399411.
3, 569, 56473
What are the prime factors of 867920978?
2, 20101, 21589
List the prime factors of 1778442564.
2, 3, 148203547
What are the prime factors of 17620800?
2, 3, 5, 3671
List the prime factors of 499805582.
2, 53, 83, 56809
List the prime factors of 11986398.
2, 3, 31, 21481
List the prime factors of 200274699.
3, 7193, 9281
What are the prime factors of 1319641005?
3, 5, 7187, 12241
List the prime factors of 34439920.
2, 5, 430499
List the prime factors of 1594684349.
37, 2633, 16369
List the prime factors of 15619317.
3, 7, 743777
What are the prime factors of 48306702?
2, 3, 19, 157, 2699
What are the prime factors of 187397199?
3, 11, 630967
List the prime factors of 56615956.
2, 14153989
What are the prime factors of 38136004?
2, 389, 24509
What are the prime factors of 442676430?
2, 3, 5, 7, 17, 41333
What are the prime factors of 590990942?
2, 29, 79, 128981
List the prime factors of 4406022756.
2, 3, 40796507
List the prime factors of 1276780853.
23, 1307, 42473
List the prime factors of 14256240.
2, 3, 5, 191, 311
What are the prime factors of 1576469309?
11213, 140593
List the prime factors of 20506159.
31, 653, 1013
What are the prime factors of 32903328?
2, 3, 233, 1471
What are the prime factors of 356722090?
2, 5, 35672209
What are the prime factors of 57482346?
2, 3, 9580391
List the prime factors of 97983442.
2, 48991721
List the prime factors of 566035904.
2, 7, 1263473
List the prime factors of 2925297841.
709, 1013, 4073
What are the prime factors of 656215857?
3, 11, 29, 61, 1249
What are the prime factors of 2452583641?
2452583641
List the prime factors of 94875661.
94875661
List the prime factors of 66033409.
13, 5079493
What are the prime factors of 389387067?
3, 9439, 13751
List the prime factors of 25194583.
25194583
List the prime factors of 177113831.
71, 2494561
List the prime factors of 740395221.
3, 199, 1240193
What are the prime factors of 1041827617?
1041827617
What are the prime factors of 259749890?
2, 5, 25974989
What are the prime factors of 127032644?
2, 29, 829, 1321
What are the prime factors of 1890517478?
2, 3371, 28